st the prime factors of c.
11
Suppose 3*z + 2*c = -2*c - 66, 0 = -2*z - 4*c - 40. Let i = z + 54. What are the prime factors of i?
2, 7
Let p(y) = -y**3 + y**2 + 4*y + 2. Let d(n) = 2*n**3 - n**2 - 8*n - 3. Let g(a) = -3*d(a) - 5*p(a). List the prime factors of g(-4).
3, 5
Let b(r) = r**3 + 4*r**2 + 2*r - 3. Let q be b(-3). Suppose -3*k = -5*g + 13, g + q*g - 21 = -4*k. List the prime factors of k.
2
List the prime factors of (-1)/(-3*(-2)/6) + 95.
2, 47
Let b(z) = z**2 + 4*z + 5. Let k be -4*(1 + (1 - 1)). List the prime factors of b(k).
5
What are the prime factors of 2/8 - 14745/(-60)?
2, 3, 41
Let g(l) = -l**3 - 17*l**2 + 18*l + 23. List the prime factors of g(-18).
23
Suppose -5*t + 230 = -3*t. List the prime factors of t.
5, 23
Let b(q) = q**3 + 5*q**2 - 8*q - 2. Let n be ((-6)/(-6))/((-2)/12). List the prime factors of b(n).
2, 5
Let m(h) = 19*h - 1. Let l be m(1). Let g = l - 8. What are the prime factors of g?
2, 5
Let q be 36/15 - (-4)/(-10). Let p be 0 - q/((-2)/3). Let u = p - -6. What are the prime factors of u?
3
Suppose -5*y = 2*z - 26, -5*y + 10 = -3*z - 1. Suppose -5*i + 2 = -y*i. List the prime factors of i.
2
Let x(s) be the first derivative of -s**5/60 + s**4/3 - s**3/2 + s**2 - 1. Let y(q) be the second derivative of x(q). List the prime factors of y(5).
2, 3
Let b(o) = -6*o**2 + 2*o - 2. Let t be b(2). Let a = -3 - t. List the prime factors of a.
19
Let k(x) be the second derivative of x**5/20 + 7*x**4/6 - 3*x**3 - 7*x**2/2 + 4*x. What are the prime factors of k(-15)?
2, 19
Suppose -8*f + 20 = -3*f. Suppose -49 = f*j - 9. Let b(l) = l**2 + 10*l + 2. What are the prime factors of b(j)?
2
Suppose -4*g = -5*g + 55. What are the prime factors of g?
5, 11
Suppose 0 = 3*g - 4*a - 32, a + 2*a + 19 = g. List the prime factors of g.
2
Suppose 0*r - 2*q - 40 = -2*r, -r - 2*q + 29 = 0. Suppose r = 5*y + 4*b - 0*b, -3*b + 21 = 5*y. Let h = 11 + y. List the prime factors of h.
2, 7
Suppose -39 = -g + 2*k, -16 = -3*g + k + 96. Let j = 85 - g. What are the prime factors of j?
2, 3
Suppose -l + 5*f = -5, 3*l + f = -4 + 3. Let a = 7 + l. What are the prime factors of a?
7
List the prime factors of 122 + 0/4 + 2.
2, 31
Suppose 4*t + 3*y = -y - 112, -2*t + 5*y - 42 = 0. What are the prime factors of 3 + -1 + -5 - t?
23
Suppose 15*p - 2*u - 645 = 12*p, -4*u = -2*p + 422. List the prime factors of p.
7, 31
Suppose -10*s = -13*s + 102. What are the prime factors of s?
2, 17
Let a be 5*(-6)/(-45)*6. Suppose 5*v = 2*m - 8, -6*m = -3*m + 3*v + 9. Let i = a + m. List the prime factors of i.
3
Let x = -440 + 627. What are the prime factors of x?
11, 17
Let y(w) be the second derivative of -w**3/6 + 2*w**2 - 4*w. List the prime factors of y(2).
2
Let x(m) = -2*m**2 + 2*m + 1. Let l be x(-1). Let q be 2/(-4)*(-12)/l. List the prime factors of q + 17 + -1 + -1.
13
Suppose -4*c + 44 = -2*c. Let a be 2/(-4) + c/4. Suppose -4*z = -5*d - 38, -z + d = 2*d - a. List the prime factors of z.
7
Let h = -5 + 5. Suppose -3*p + 59 = m + 4*m, h = 4*p + 5*m - 77. Suppose -2*s - 8 + p = 0. List the prime factors of s.
5
What are the prime factors of -1 - 33/(-21) - 3814/(-14)?
3, 7, 13
Suppose -3*i + 583 = -5*m - 547, 20 = 4*m. List the prime factors of i.
5, 7, 11
Suppose -2*i - 3*i + 25 = 0. Suppose -o - 3*o = -2*g - 282, -5*g + 345 = 5*o. Suppose -i*l - 5*s = -o, -4*s = -4*l - 5 + 21. What are the prime factors of l?
3
Suppose -38*s + 39*s - 97 = 0. List the prime factors of s.
97
Let j(w) = -w**3 - 2*w**2 - w + 1. Let p(m) = m**3 + 3*m**2 + 3*m. Let b be p(-2). List the prime factors of j(b).
3
Suppose -3*v + 5*v = 138. Let h = 103 - v. List the prime factors of h.
2, 17
Let y(z) = z**3 - 9*z**2 + 2*z - 13. Let d be 1/(16/(-18) + 1). List the prime factors of y(d).
5
Let w = 71 + -50. Suppose -5*g = -6*g + 3. Suppose -3*f + g = -w. What are the prime factors of f?
2
Let q(u) = u**3 - 7*u**2 + 7*u + 6. Let k be q(6). Suppose -3 = c - 6. Suppose -s - c = -k. What are the prime factors of s?
3
Suppose -k - 31 = -n + 3, 70 = 3*n + 5*k. Suppose -3*g - q = -22, 3*g - q = n - 4. What are the prime factors of g?
2
Let j = 103 - 56. Suppose 7 + j = -3*t. Let v = t + 37. List the prime factors of v.
19
Suppose z - 19 = -3*f, -2*f - z = -2*z - 11. Suppose 3*q + 8 = 5*q. Suppose q*k - f = 42. List the prime factors of k.
2, 3
Suppose 0*k = -z + 5*k - 18, 2*z + 16 = 5*k. Suppose 2*q = -z*q + 24. Suppose q = x - 3. List the prime factors of x.
3
Let q(g) = -g**3 - 13*g**2 - 18*g - 11. What are the prime factors of q(-13)?
223
Suppose 87 = 2*b + b. List the prime factors of b.
29
Let j = -19 + 34. List the prime factors of j - -1 - (0 - -2).
2, 7
Let h = 22 + 1. Suppose -3*q - h = -4*q. Suppose 5*c - q = -8. What are the prime factors of c?
3
What are the prime factors of (4 + (-52)/10)/((-4)/10)?
3
Let m = -9 + 38. List the prime factors of m.
29
Let n(j) = -5*j - 7. What are the prime factors of n(-3)?
2
Let a(s) be the first derivative of -s**3/3 + 4*s**2 - 5*s - 7. Suppose -4 = -2*c + 6. What are the prime factors of a(c)?
2, 5
Let t(c) = 13*c + 35. List the prime factors of t(11).
2, 89
Suppose -2*b + 0 + 6 = 0. Suppose -b*q - 36 = -6*q. Suppose -8*o + q = -5*o. List the prime factors of o.
2
Let g(j) = 2*j + 84. List the prime factors of g(0).
2, 3, 7
Let k = -85 - -108. What are the prime factors of k?
23
Suppose 3*b + 30 = 2*d, -3*d = -0*b + b - 34. List the prime factors of d.
2, 3
Let s = -22 + 24. List the prime factors of s - (-5)/((-15)/(-21)).
3
Suppose 0 = -5*h + 3 - 33. Let l = h + 17. List the prime factors of l.
11
List the prime factors of 4 - 0 - (-13 - -1).
2
List the prime factors of (2/(-4))/((-1140)/(-1144) - 1).
11, 13
Suppose -3*y + 35 = 5*c, y - 5*c + 15 = 2*y. Let k = -8 + y. Suppose 0 = 2*o + k*o - 72. What are the prime factors of o?
2, 3
Let b = 8 - 4. Suppose b*t = 29 + 71. List the prime factors of t.
5
Let i = -5 - -80. What are the prime factors of i?
3, 5
Let w(c) = 0*c**2 - 5*c**2 + 10*c + 2*c**2 + 2*c**2. What are the prime factors of w(9)?
3
Let h(m) = m**2 - 3*m - 5. Let f be h(-3). Suppose -l = -a - f, 0*a = -l - a + 13. List the prime factors of l.
13
Let c be 2/(-1)*9/(-6). Suppose 0 = c*x + 2*x + 20, -2*u + x + 40 = 0. What are the prime factors of u?
2, 3
Let t(i) = i**3 - 4*i**2 - 6*i + 4. Let d be t(5). Let z = 10 + -7. Let x = z - d. What are the prime factors of x?
2
Let v = -9 + 4. Let z be (-1)/v - 34/(-5). Suppose 3*p = z + 5. What are the prime factors of p?
2
What are the prime factors of (25 + 16/4)/1?
29
What are the prime factors of (84/(-2))/(-3 - -2)?
2, 3, 7
List the prime factors of 0/7 - -89 - (-3 - 0).
2, 23
Suppose 5*f = -h + 11, h - 12 = 4*h. Suppose i = f*i - 30. List the prime factors of i.
3, 5
Let c(o) = 24*o**3 + o**2 - 1. Let n(q) = -q**3 - 4*q**2 - 4*q - 2. Let j be n(-3). List the prime factors of c(j).
2, 3
Let m(q) = 4*q - 7. Suppose 3*a + 5 = 20. What are the prime factors of m(a)?
13
Suppose 0 = 2*f + 3*z - 4, 6 - 16 = -5*f - 5*z. Suppose -h = 4*b + 13, 5*h - f*h = -b + 5. Suppose 0 = -y + 2*y - h. List the prime factors of y.
3
Let d = 1 + 3. Suppose -2*s + 4*s - 4*a = 90, -2*a + 8 = 0. Suppose d*w + 5 = s. What are the prime factors of w?
2, 3
Let s(l) = l**3 + 6*l**2 - 9*l - 5. List the prime factors of s(-7).
3
Let h(r) = r**3 - 3*r**2 - 14*r + 2. What are the prime factors of h(6)?
2, 13
Let v be (-54)/(-7) + (-4)/(-14). Let h be 177/4 - (-6)/v. Suppose 4*b = 5*d - h, -4*d - 6*b = -b - 36. List the prime factors of d.
3
Let g = -45 - -88. Let f = g + -31. List the prime factors of f.
2, 3
Suppose 35 = -3*i + 92. List the prime factors of i.
19
Suppose -5*a - 6 = -3*z, -4*a + 4 = 2*z + 22. Let f = -7 + -2. List the prime factors of 1/((f/21)/z).
7
Let b(n) be the second derivative of 5*n**3/6 + 3*n**2 + 5*n. What are the prime factors of b(4)?
2, 13
Suppose 5*m = 4*g - 0 - 1, 5*m = 5*g - 5. What are the prime factors of m?
3
Let b be -1*(-3*2)/(-3). Suppose 2*q - 2 = 20. Let d = q + b. What are the prime factors of d?
3
Let z = 9 + 0. Let b = z + -7. Suppose -5*i - r + 32 = -43, 23 = b*i - r. List the prime factors of i.
2, 7
Suppose -19*n + 4335 + 1840 = 0. What are the prime factors of n?
5, 13
Let o = 20 + 13. What are the prime factors of o?
3, 11
Let s = -41 + 105. Suppose 2*o + 0*o = s.